p + 8. List the prime factors of (-20)/(-10) - (p - 0).
3
Suppose 0*q - 4*q + 31 = a, 3*q - 2*a - 26 = 0. Let t = -3 + q. What are the prime factors of t?
5
Let v = 13 + 83. What are the prime factors of v?
2, 3
Let s = 14 + 34. What are the prime factors of s?
2, 3
Let r = 1 + 4. Let x(w) = -8*w**3 + 4*w**2 + 2*w + 8. Let n(g) = 7*g**3 - 4*g**2 - g - 7. Let q(y) = r*x(y) + 6*n(y). What are the prime factors of q(2)?
2, 3
Let m be (-51)/1*8/(-24). Suppose -57 = -2*i + m. What are the prime factors of i?
37
Suppose 5*g = -0*g + 45. Suppose p - k - g = 0, -6*k - 5 = 5*p - k. What are the prime factors of p?
2
Let q(a) = 21*a + 19 + 31*a**2 - a**3 - 19*a**2 - 6*a. What are the prime factors of q(13)?
3, 5
List the prime factors of (17/2)/((-11)/(-22)).
17
Suppose -l - 4*y = -14, 0 = -l + 2*l - 2*y - 2. What are the prime factors of l?
2, 3
Let f(g) = -g**3 - 6*g**2 - g - 4. Let n be f(-6). Suppose -n*d + 45 = 3*d. List the prime factors of d.
3
Suppose -5*o + 557 = -3*b - 902, 1435 = 5*o + 5*b. List the prime factors of o.
2, 5, 29
Suppose -6*m - 5*n = -m, 5*n + 25 = 0. Suppose 4*t + m*u = 52, 5*u = 2*t + 6 - 2. List the prime factors of t.
2
Let q = 9 + 7. List the prime factors of q.
2
Suppose 2*z - 6 = -0*z. Let u = 6 - z. Suppose 0 = -5*c - v + 23, -5*c - u*v = -0*v - 29. List the prime factors of c.
2
Suppose -5*l + 216 = j, -2*l - 2*l + 171 = -j. What are the prime factors of l?
43
Let m(d) = -5 - d + d + 6*d - 4*d. Let w be m(5). Suppose 0 = -5*n - w*k + 70, -n + k = -0*n - 20. List the prime factors of n.
17
Let z be 1/2 - 42/4. Let c be (12/(-10))/((-2)/z). List the prime factors of (16/c)/(6/(-27)).
2, 3
Suppose -34 = y - 7. Let z = y - -46. What are the prime factors of z?
19
Suppose s + 3 = 4*n - 8, -13 = -4*n - s. Suppose -3*u = -6 + n. Suppose 0*c - c = u, 2*p + c - 7 = 0. What are the prime factors of p?
2
Suppose 4*v + 50 = 3*h - 157, -2*v + 59 = h. What are the prime factors of h?
5, 13
Let u = -35 + 53. What are the prime factors of u?
2, 3
Suppose 6*s + 253 = 835. List the prime factors of s.
97
Let q(a) = 3*a**3 - 4*a**2 + 3*a - 10. Let z be q(4). Suppose 5*x + 0*x = z. List the prime factors of x.
2, 13
Suppose -2*l + 50 + 102 = 0. Suppose -w + l = w. List the prime factors of w.
2, 19
Let d be (-1)/2 + (-2211)/22. Let o = -53 - d. List the prime factors of o.
2, 3
Suppose -4*m + 1 = -3. Let y be 1/m*(3 + 47). Suppose -2*p + y = -4*g, 2*g - 20 = 6*g. List the prime factors of p.
3, 5
Suppose -9*a = 3*a - 936. List the prime factors of a.
2, 3, 13
Let b(p) = -p + 5*p**3 + p - 17*p**3 - p**2. List the prime factors of b(-1).
11
Let j(n) = -n**2 - 9*n - 8. Let d = -3 + -3. What are the prime factors of j(d)?
2, 5
Suppose 0 = -5*z - 25, z + 33 = 3*n - 11. Let s(h) = -h**3 + 12*h**2 + 13*h + 18. List the prime factors of s(n).
2, 3
Let s(x) = -4*x**3 + x - 3. Let o(l) = -5*l**3 + l**2 - 4. Let c(p) = 3*o(p) - 4*s(p). Let z be c(-4). Suppose z*v = v - 8. What are the prime factors of v?
2
Let i(g) = -g**3 + 13*g**2 - 9*g - 17. What are the prime factors of i(12)?
19
Suppose 0 = -5*p - 3*m + 3 - 1, 1 = -4*p - 5*m. Let y(l) = 12*l**3 + 2*l**2 - l. What are the prime factors of y(p)?
13
Suppose -3*d = -0*d - 9. List the prime factors of d.
3
Let p(c) = c**3 - 6*c**2 + c - 2. Let t be p(5). Let x be 2/8 - t/8. Suppose 44 = q + x*q. List the prime factors of q.
11
Let a(o) = o**2 + o + 13. Suppose j = -3*j + 12. Suppose j*x + h = 4, 4*h - 16 = 2*x + x. What are the prime factors of a(x)?
13
Let k be (2 + -1)/(3/6). Suppose -z = k*z - 21. List the prime factors of z.
7
Let z be (-55)/(-2) - (-1)/(-2). Suppose -u = 3*j - 0*u - 22, -z = -4*j + u. What are the prime factors of j?
7
Suppose -4*z + 99 = -5*d, -2*d + 0*d - 114 = -4*z. What are the prime factors of z?
31
Suppose -45 = 4*g - 9*g. Suppose 5*v + 3*p + 2*p + 55 = 0, 3*p = -g. What are the prime factors of 5/(-20) + (-34)/v?
2
Let m = -4 - -5. Let f be ((-24)/(-5))/(m/5). Suppose -x - 3*x = -f. List the prime factors of x.
2, 3
Suppose -3*v + 5*p = 3*p - 51, 5*v + p = 98. What are the prime factors of v?
19
Suppose 3*r + 4*r - 21 = 0. Suppose -3*i = 15, -7*i + 4*i + 66 = r*x. List the prime factors of x.
3
Suppose -2*q = -2*d + 7*d - 17, 0 = -d + 1. What are the prime factors of q?
2, 3
Let a be (21/(-14))/(6/(-80)). List the prime factors of (-3)/(1 - 23/a).
2, 5
Suppose -4*a = -5*o + 193, 2*o - 70 = 2*a - 4*a. What are the prime factors of o?
37
Let j = 93 + -102. Let g be ((-8)/3)/(6/(-45)). Let t = j + g. List the prime factors of t.
11
Let j be 20/(-3*3/(-9)). Let i = 36 - j. Let k = i - 8. What are the prime factors of k?
2
Let i(h) = -2*h**3 + 3*h**2 + 3*h. Let d be i(-3). List the prime factors of ((-30)/4)/((-27)/d).
2, 5
Let n = -20 - -35. Suppose 3*j = n + 48. List the prime factors of j.
3, 7
Let g = 0 + 3. Suppose z + 20 = g*v, 2*z + 7 = 3. List the prime factors of v.
2, 3
Let v(n) = -12*n - 3. What are the prime factors of v(-19)?
3, 5
Suppose 0 = 4*p - 3*f - 52, -p + 3 = 4*f + 9. What are the prime factors of p?
2, 5
What are the prime factors of -3*172/(-12) + 4?
47
Suppose 5*o + 147 + 118 = 0. Let c = -18 - o. Suppose 4*d = -d + c. List the prime factors of d.
7
Suppose 2*r + 4*b - 538 = 0, 2*r - 281 = r + 4*b. What are the prime factors of r?
3, 7, 13
Let v be (153/6 - -1)*6. Suppose 44 - v = -5*d. Let m = -14 + d. What are the prime factors of m?
3
Suppose -m - 14 = -2*o, 0 = -3*m - m - 16. Suppose p = 18 + o. List the prime factors of p.
23
Let p(w) = -4*w + 32. List the prime factors of p(-7).
2, 3, 5
Let p(x) be the first derivative of -x**3/3 - 5*x**2/2 + 4*x - 2. Let m be p(-5). Let j(o) = o**2 - 2*o + 5. What are the prime factors of j(m)?
13
Suppose -14*s - 200 = -15*s. List the prime factors of s.
2, 5
Let u(c) be the third derivative of 2*c**5/15 + c**4/24 - 2*c**3/3 + 5*c**2. List the prime factors of u(-2).
2, 13
Let b be (6/(-4))/(3/(-18)). Let l = b - 2. List the prime factors of l.
7
Suppose -2*l - 2 = 2. Let n(o) = -o**3 + 4*o**2 + 2. Let i be n(4). What are the prime factors of (-2)/i + 14 - l?
3, 5
Suppose 3*y - 4 = 17. Suppose y*d - 16 = 3*d. Suppose -v = -5*v - k + 29, d*k - 18 = -2*v. List the prime factors of v.
7
Let v(l) = 11*l**2 - 2*l - 1. Let q = 5 + -6. What are the prime factors of v(q)?
2, 3
Let s(k) = -k + 12. Let z be s(0). Suppose -v + z = v. Suppose -v - 1 = -h. List the prime factors of h.
7
Suppose 5 = 2*l - 1, 18 = 3*w + 3*l. Let b be ((-4)/(-6))/(1/w). Suppose 32 - 4 = b*q. What are the prime factors of q?
2, 7
Let m(y) = -7*y + 3. Let c be m(-3). Suppose -13*q = -16*q + c. What are the prime factors of q?
2
Let w be (-171)/(-33) + 2/(-11). Suppose c + 14 = -4*k, w*c + 0*k + 2*k - 2 = 0. Suppose 4*y = c*y + 14. List the prime factors of y.
7
List the prime factors of (1/(-2))/((-6)/1104).
2, 23
Let c = -5 + 8. Suppose -2*v = t - 8 - 27, 0 = v + c*t - 30. Suppose v = 3*q - 6. What are the prime factors of q?
7
List the prime factors of (-9)/(-6) - (-2)/4.
2
Let u(h) = -11*h - 2*h**2 - 2 + 4*h**2 - 4*h**2 + h**2. What are the prime factors of u(-7)?
2, 13
Let p(r) = r**3 + 3*r**2 - 2*r + 2. Let i be p(-4). List the prime factors of i + 3 + -1 + 11.
7
Let w = 85 + -232. What are the prime factors of (-18)/45 + w/(-5)?
29
Let d be 2/(-3) - (-171)/(-27). Let x = 4 - d. What are the prime factors of x?
11
Suppose -w = 8 - 2. Suppose -41 = -2*i - 5. Let z = w + i. List the prime factors of z.
2, 3
Suppose -2*p + 4*o + 236 = 0, -744 + 154 = -5*p - 3*o. Let t = -65 + p. What are the prime factors of t?
53
Let b(a) = -a**3 + 7*a**2 + 6*a + 14. Suppose -4*s = -3*s + 3*r - 19, -5*s + 2*r + 27 = 0. What are the prime factors of b(s)?
2, 7
Let k(a) = 12*a**2 + a. Suppose 10*x + 2 = 12*x. List the prime factors of k(x).
13
Suppose 3*z = 7*z. Let i = 4 - -1. Suppose i*m - 55 = -z*m. What are the prime factors of m?
11
Suppose -3 = -3*k, 0 = 3*r - 2*k + k - 212. What are the prime factors of r?
71
Let s = -2 - -6. Let v be (-1)/(1 + s/(-5)). What are the prime factors of v/(10/4) - -18?
2
List the prime factors of 64/6*(-6)/(-4).
2
Suppose 4*j + t = 240, 0*j + 2*j - 5*t - 98 = 0. List the prime factors of j.
59
Let r be 0 - (-5*3 - -1). What are the prime factors of ((-5)/10)/((-1)/r)?
7
Suppose 2*z + 2 = 0, -7*z + 2*z = 4*b - 111. Suppos